*w**3 - w**3. Give i(4).
-7
Let c(x) = 5*x**3 + 4*x**2 - 12*x + 20. Let l(y) = -2*y - 3. Let v be l(0). Let h(k) = -2*k**3 - k**2 + 4*k - 7. Let a(w) = v*c(w) - 8*h(w). Determine a(3).
-1
Let y(o) be the third derivative of 0 - 4/3*o**3 + 0*o - 2*o**2 + 1/24*o**4. Let a be y(10). Let w(n) = -n + 1. Calculate w(a).
-1
Let m(x) be the first derivative of x**4/4 + 2*x**3 + 2*x - 2. Let p(v) = -v**3 - 7*v**2 + v - 2. Let s(w) = -3*m(w) - 2*p(w). Give s(-4).
6
Let l(f) = 2*f**2 + 3*f + 1. Let a be l(-2). Let d(w) = -4 - a*w + 3*w + 2*w. What is d(4)?
4
Let b(w) = -2 - 6 - 2*w + 1 + 4 + w**2. Calculate b(3).
0
Let n(r) be the third derivative of r**5/60 + 3*r**4/8 + 7*r**3/6 + r**2. Give n(-8).
-1
Let q(o) = o**3 - 8. Let w(d) = 2*d**2 - 12*d - 14. Let a be w(7). Calculate q(a).
-8
Let f(k) = 6*k**2 + 2*k + 3. Let z(r) = -2 + 2*r**2 + 1 - r**2 - r. Suppose 55*o + 5 = 60*o. Let a(s) = o*f(s) + 3*z(s). Calculate a(1).
8
Let q(v) = 2*v + v - 3 + 3 + v**2. Determine q(-4).
4
Let l(r) = -r - 4. Let g(v) be the third derivative of v**5/60 + 11*v**4/24 + v**3/2 - v**2. Let p be g(-11). What is l(p)?
-7
Let o(h) = 2*h + h**3 + 9*h - 6 + 8*h - 6*h**2 - 17*h. Calculate o(6).
6
Let h(m) = -m + 12. Let b(z) = z - 10. Suppose 0 = -l + 13 - 3. Let o be b(l). What is h(o)?
12
Let y = 6 + 0. Let a(j) = -y*j + 0*j + 6*j - 3*j. Calculate a(-1).
3
Let g(i) = 90*i + 6. Let h(t) = 18*t + 1. Let s(u) = 2*g(u) - 11*h(u). Give s(1).
-17
Suppose 53 = -14*t + 25. Let c(w) = w - 1. Determine c(t).
-3
Let p(o) = -2*o + 1. Let q(i) = -8*i + 4. Let r(u) = -9*p(u) + 2*q(u). What is r(-2)?
-5
Let b(p) = p**2 - 5*p - 3. Let a(m) = 2*m**2 - 6*m + 1. Let n be a(4). Let y = -5 + n. Calculate b(y).
-7
Suppose 2*k = 2*j - 0*j - 6, j - 3 = -3*k. Suppose -j*g = -g + 4. Let q(v) = -v**2 - 3 + 0*v + 2*v - 2*v**2 - 6*v. Determine q(g).
-7
Let t = 5 - 3. Let q(r) = -3 - 4 - 3*r - 2*r**t + 6 + 0. Determine q(-3).
-10
Let s(n) be the first derivative of n**3/3 - n**2/2 + n + 1. Let k be -17 - -14 - (-8)/2*1. What is s(k)?
1
Suppose -3*j + 8*j = 235. Let b(w) = -48*w + j*w - 3 - 4. Calculate b(6).
-13
Let x(q) be the second derivative of q**5/60 + q**4/6 - 5*q**3/6 - 2*q**2 + q. Let o(b) be the first derivative of x(b). Determine o(-5).
0
Suppose 0 = 2*y + 5*x - 19, 3*y + 5*x - 4*x + 4 = 0. Let i(r) = r**3 + r**3 + 2*r**2 - 6*r**3 - 3 + 5*r**3 - 3*r. What is i(y)?
-3
Let s(w) = -1. Let v(k) = 8*k + 4. Let y(i) = 3*s(i) + v(i). Determine y(1).
9
Let t(u) = 25 + 7*u - 4*u - 28. Give t(2).
3
Suppose -6 = -m - 10. Let o(b) = b**3 + 4*b**2 + 2*b + 3. Give o(m).
-5
Let o(i) = -i**2 + 2*i - 1. Let u be o(3). Let t(q) be the third derivative of q**4/24 + q**3/6 - 2*q**2. Determine t(u).
-3
Let w = -20 + 23. Let s(n) = n**3 - 5*n**2 + 3*n + 4. Determine s(w).
-5
Let u(z) be the first derivative of -z**2/2 + z + 1. Give u(-4).
5
Let f(s) = s**2 - 4*s + 3. Let y be f(4). Let h = y - 0. Let k(g) = -4*g**2 - h + 7*g + g - 5*g - g**3. Calculate k(-5).
7
Let u = 8 - 4. Let o(v) = -2*v**2 + 18 - 55*v + 62*v - 22. Calculate o(u).
-8
Let z(b) = 2*b**2 + 5*b - 5. Let d(o) = 2*o + 6 - 2*o - 2*o**2 - 6*o. Let j(f) = -4*d(f) - 5*z(f). What is j(1)?
-2
Let q be 5/(-7) + (-2)/7. Let b(c) = -6*c + 0*c - 4*c - c. Determine b(q).
11
Let o(t) be the first derivative of t**2/2 + 4*t - 1. Let w be o(-9). Let x(z) = -z**3 - 5*z**2 + z + 4. What is x(w)?
-1
Let l = 8 + -2. Let x(d) = -2*d**2 - 8*d + 5. Let k(i) = i**2 + 1. Let g(q) = -3*k(q) - x(q). Calculate g(l).
4
Let k(z) = -6*z**2 - 2*z - 1. Let c(b) = 11*b**2 + 4*b + 2. Let u(g) = 3*c(g) + 5*k(g). What is u(-1)?
2
Let k(l) be the second derivative of -3/2*l**2 + 3*l - 1/3*l**3 + 0. Suppose 0 = -5*p - 2 - 18. What is k(p)?
5
Let c(d) = -11*d**3 + 10*d**2 - 1. Let k(b) = 4*b**3 - 3*b**2. Let q(a) = -3*c(a) - 8*k(a). Let l = -15 - -21. Give q(l).
3
Let s = -1 - 5. Let v(r) = r**3 + 7*r**2 + 7*r - 5. Calculate v(s).
-11
Let t(u) = 2 + 1 + 7*u**3 - 2 + 8*u**3. Give t(-1).
-14
Let x(g) = 3*g - 3 + g**2 + 3*g + 0*g. Let q(o) = 2*o - 39. Let l be q(16). Determine x(l).
4
Let r(o) = 7*o**2 + 3*o - 2*o**2 - o**2 - 5*o**2. Let v = 8 + -4. Suppose v*k + 7 = 19. Give r(k).
0
Let i be (6/4)/((-1)/(-2)). Let f = -1 + i. Let z(r) = 2*r**f + 2*r**3 - r**3 - r**2. Give z(-2).
-4
Suppose 5*g = 71 + 54. Suppose g = -3*f - 2*f. Let x(o) = o - 2. Determine x(f).
-7
Let y(r) = 7 - 3*r**3 + 4*r**3 - 2*r + 8*r**2 - 13*r**2 - 4*r. Give y(6).
7
Let a be 1/(3 + 7/(-2)). Let k(u) = 3*u**3 + 2*u**2 - u + 2. Give k(a).
-12
Let u = -22 + 29. Suppose -u + 11 = -4*g. Let h(w) = -4 - w - w + 5. What is h(g)?
3
Let i(p) = -4*p**3 + 4*p**2 + 7*p + 13. Let k(f) = -2*f**3 + 2*f**2 + 3*f + 6. Let z(l) = 4*i(l) - 9*k(l). Suppose -2 + 6 = 2*y. Calculate z(y).
8
Let j(i) = -2*i**3 - 6*i**2 - 3*i + 5. Let u(q) = q**3 + 6*q**2 + 2*q - 5. Let p(y) = 2*j(y) + 3*u(y). Calculate p(6).
-5
Let l be 3 - 1 - (8 + -6). Let m(q) be the third derivative of -2*q**2 + 0 + l*q + 0*q**3 - 1/24*q**4. What is m(-2)?
2
Let q(v) = -8*v - 7. Suppose 16 + 14 = 5*y. Let w(f) = 7*f + 6. Let m(n) = y*q(n) + 7*w(n). Determine m(0).
0
Let g(b) = -b + 3. Let m(p) = 2*p**3 - 10*p**2 - 4. Let r be m(5). What is g(r)?
7
Let i(m) = 5 + 4*m - m**2 + 6*m**3 - 7*m**3 - 2 + 0. Determine i(-2).
-1
Let z(p) = p + 3. Let a be 5/2*4/5. Let j be -6 + 1/a*6. What is z(j)?
0
Let y be (-49)/21 - (-1)/3. Let f(v) = v + 1. Let x(m) = 2*m + 1. Let d(j) = 6*j + 2. Let q(g) = -2*d(g) + 7*x(g). Let i(a) = -5*f(a) + q(a). Calculate i(y).
4
Let r(p) = p**3 - 3*p**2 - 6*p + 3. Let f(w) = -3*w + 6*w**2 + 1 - 4*w**2 + 1. Let c = -3 + 5. Let b be f(c). Determine r(b).
-5
Let v(l) be the second derivative of -l**4/12 + l**3 + 5*l**2 + 19*l. What is v(7)?
3
Let m be (-10)/15*30/(-4). Let u = -4 + 6. Let q(w) = -4*w**2 + 7*w**2 - 7*w + 3 - 2*w**u. Give q(m).
-7
Let b(j) be the first derivative of j**4/4 - 2*j**3/3 - j**2/2 - 2*j - 6. What is b(2)?
-4
Let s(t) = 6*t - 4 + 2*t + 0*t - t**2 - 2*t. Determine s(5).
1
Suppose 0 = -2*g + 14 - 6. Let d(m) be the first derivative of -m**4/4 + m**3 + 3*m**2 - 5*m + 1. Calculate d(g).
3
Let w(h) = -4*h**3 - 2*h - 24 + 25 + 2*h**2 + 3*h**3. What is w(2)?
-3
Let c(n) = n**2 - 5*n + 3. Let z be 46/(-10) - (-6)/10. Let y = z + 6. Suppose 0 = p - y*m - 1 + 7, -2*p - 4*m = -28. Calculate c(p).
-1
Let n(q) = 2*q + 1 - q**2 - 15*q**2 - 2 - 6. Let w(g) = 47*g**2 - 6*g + 20. Let j(z) = 17*n(z) + 6*w(z). Determine j(1).
9
Let j = 5 - 2. Suppose -5*y + 19 = -3*n, -j*n + 4*y - 1 = 13. Let f(u) = 6*u - u**2 + 3 - 5 + 0*u**n. Determine f(5).
3
Let x(z) = -1. Let l(b) = 2*b + 3. Let p(a) = -6*l(a) - 17*x(a). Determine p(-1).
11
Let h(k) = -k**2 + k + 1. Let f be h(0). Let c be -3*2/(-6)*f. Let x(t) = 4*t**3 - 3*t**3 + 0*t**3 + 2*t - 1 - 10*t**2 + 9*t**2. Calculate x(c).
1
Let q(j) be the first derivative of -j**2/2 - 3*j + 2. Let r be q(0). Let b be r/((-1)/(12/(-9))). Let d(u) = u - 1. Give d(b).
-5
Suppose 3*b + t = 10, -5*b + 8*t + 17 = 10*t. Let n be (2/(-4))/(2/(-12)). Let o(i) = i**2 + 0*i + 3*i - 4*i - n. Give o(b).
3
Suppose 0 = x - 4*x. Suppose -4*h + 4 + x = 0. Let s(b) = -4*b**2. Give s(h).
-4
Let a(i) = 2*i + 6*i - 4*i + i**2. Let y be a(-4). Let d(l) = l**3 - l**2 + l + 5. Let w be d(y). Let f(g) = 2*g - 5. Give f(w).
5
Suppose -4*w = 4*m - 12, 3*w - 2*w + 2*m = 1. Suppose -w*s = -8*s + 9. Let i(j) = j**3 - 2*j**2 - 2*j - 4. Give i(s).
-1
Let m(t) = -1 - 3*t - 5*t**3 - 2*t + 4*t**3 + 4*t. What is m(0)?
-1
Let n(c) be the third derivative of 7/24*c**4 + 4*c**2 + 1/3*c**3 + 1/10*c**5 + 0 + 0*c - 1/120*c**6. Give n(7).
2
Let m(u) = 5*u**2 + u + 5 - 6 + 6*u**2 - 2*u. Determine m(-1).
11
Let x = -31 + 27. Let w(y) = 3 - y**2 - 3*y - 4 - 2*y. Let a be w(x). Let c(o) = -o**3 + 2*o**2 + 2. Determine c(a).
-7
Let q(h) = -3*h**3 + 2*h + 1. Let y be q(-1). Suppose -u + y*u = 0. Suppose u*k - 18 = 3*k. Let p(t) = t**3 + 7*t**2 + 6*t + 2. Give p(k).
2
Let k(x) be the second derivative of -x**3/3 - x**2/2 + 3*x. What is k(-4)?
7
Let h(r) = 7*r + 76. Let n be h(-10). Let u(l) = -l. Give u(n).
-6
Suppose -2*f + 4 = -4*p, -4*f + p + p + 8 = 0. Let u(q) = -5 + 4*q**2 + 6*q + 3 - 6*q**f. Determine u(4).
-10
Let v(p) = 3*p. Let s be 14/(-21) - (-29)/3. Suppose -2*r - s = r. Calculate v(r).
-9
Let x(z) = -z**2 - 5*z + 5. Let h = -45 - -40. Give x(h).
